at is -1367 - -347?
-1020
In base 14, what is -1 - -1255a1?
1255a0
In base 9, what is 1826 + -571?
1245
In base 13, what is -16aac + 43?
-16a69
In base 4, what is 1002311 + 0?
1002311
In base 8, what is -31 + -406753?
-407004
In base 9, what is -574 - 808?
-1483
In base 7, what is 4 - -114504?
114511
In base 2, what is -11101001111000011101 + 101?
-11101001111000011000
In base 7, what is 11352 + -1042?
10310
In base 9, what is 3 - -480374?
480377
In base 9, what is 2 + -13062?
-13060
In base 15, what is -6ee + -125?
-824
In base 10, what is 12091 - 0?
12091
In base 12, what is 126 - -3a0?
506
In base 15, what is -6c3b5 + -4?
-6c3b9
In base 2, what is -11110 - 100001010010110?
-100001010110100
In base 12, what is -5399b - -3?
-53998
In base 15, what is -6 - -80c9?
80c3
In base 5, what is -3 + 3412?
3404
In base 12, what is -1 + ba982?
ba981
In base 11, what is 124 - -448?
571
In base 9, what is 1350 - -23?
1373
In base 7, what is -14563 + -12?
-14605
In base 7, what is -1452 + 116?
-1333
In base 9, what is 70 + 40630?
40710
In base 16, what is 2a09 - -22?
2a2b
In base 3, what is 11021120 + 12?
11021202
In base 15, what is 5 + -40266?
-40261
In base 7, what is -1241103 - 2?
-1241105
In base 15, what is 12b5 - 24?
1291
In base 5, what is 40100 - 13013?
22032
In base 3, what is 0 + -211102010?
-211102010
In base 10, what is -3 - 4166?
-4169
In base 12, what is -28 - -442?
416
In base 2, what is 0 + 10111011111100110110?
10111011111100110110
In base 3, what is -22 - 220000?
-220022
In base 3, what is -10 + 120222102202?
120222102122
In base 10, what is 5 - -221022?
221027
In base 5, what is -233300 + -1?
-233301
In base 10, what is 5 - 57397?
-57392
In base 13, what is -836 + 292?
-574
In base 11, what is 10 - -17856?
17866
In base 4, what is -30102 + 301200?
211032
In base 3, what is 212202 - -112100?
1102002
In base 14, what is 1259 + -21?
1238
In base 9, what is -4 + 10068?
10064
In base 11, what is -96 - -28a?
1a4
In base 15, what is 1 - -da2?
da3
In base 14, what is -a44d30 - 0?
-a44d30
In base 9, what is 642 - -147?
800
In base 2, what is 10111000110001 + 1?
10111000110010
In base 2, what is 111010110011010011001 + 1?
111010110011010011010
In base 14, what is 0 - 50999?
-50999
In base 15, what is -58 - 28d3?
-293b
In base 6, what is 14144402 + 3?
14144405
In base 4, what is -10 - 121130010?
-121130020
In base 4, what is 10 - -10210010?
10210020
In base 15, what is -3 + e8e14?
e8e11
In base 5, what is -1332 + -123013?
-124400
In base 11, what is 32a + -101?
229
In base 2, what is -1001001011 + -111011?
-1010000110
In base 12, what is -79 + 3a?
-3b
In base 15, what is 5551 + -1?
5550
In base 15, what is 4e - -2?
51
In base 14, what is 16c39 - -2?
16c3b
In base 12, what is -2 - -582?
580
In base 7, what is 164146 - 13?
164133
In base 13, what is 275a9 - -1?
275aa
In base 14, what is -49310 - -2?
-4930c
In base 12, what is 9a28b - 1?
9a28a
In base 5, what is -114421 + 4?
-114412
In base 3, what is -221100 + 2022?
-212001
In base 15, what is -e + 173e?
1730
In base 14, what is -66 + -732a?
-7392
In base 6, what is 142 + -2023?
-1441
In base 14, what is -2786 + 36?
-2750
In base 8, what is 5 - 474000?
-473773
In base 7, what is -15223 - 10?
-15233
In base 4, what is 3 - 2303222003?
-2303222000
In base 10, what is -5 + 154738?
154733
In base 16, what is -5 + -24dc?
-24e1
In base 12, what is 3 + -6231b?
-62318
In base 9, what is -13 - 2256?
-2270
In base 3, what is 10101 - -11211012?
11221120
In base 14, what is -8 + -51c?
-526
In base 16, what is -6e - -10f?
a1
In base 10, what is -2 - 49770?
-49772
In base 11, what is 0 + -77293?
-77293
In base 11, what is -244 + -189?
-422
In base 12, what is 6 - 3542?
-3538
In base 7, what is 663 + -13540?
-12544
In base 15, what is 149 - -90?
1d9
In base 4, what is 10110102 - 13?
10110023
In base 15, what is -1 + -263b?
-263c
In base 13, what is 56180 + 5?
56185
In base 2, what is -11 + 100111000000000?
100110111111101
In base 8, what is -2360 - 114?
-2474
In base 6, what is 220 - 544?
-324
In base 10, what is -30 - 3788?
-3818
In base 4, what is 200030023 - -1?
200030030
In base 5, what is 2 + -1030042?
-1030040
In base 12, what is -24144 + -1?
-24145
In base 13, what is 16b97 + 1?
16b98
In base 11, what is -11a0 + 31?
-116a
In base 14, what is 0 - 346c4?
-346c4
In base 8, what is -65 - -52?
-13
In base 15, what is 1 + 13447?
13448
In base 5, what is -14203 - 223?
-14431
In base 2, what is -1001101100111001 + -1?
-1001101100111010
In base 2, what is -101 - 11001100000110?
-11001100001011
In base 9, what is 1 - -37744?
37745
In base 5, what is 2 + 1301?
1303
In base 16, what is 0 - 5ee13?
-5ee13
In base 7, what is 10 + -2061235?
-2061225
In base 4, what is 100303 - 121?
100122
In base 15, what is -dd + e7?
9
In base 9, what is 1 - -2417223?
2417224
In base 2, what is -11101100110110100110011 - -101?
-11101100110110100101110
In base 5, what is 343143 - 0?
343143
In base 4, what is 3033110 - 1210?
3031300
In base 3, what is 12 + 1211210101?
1211210120
In base 14, what is -2 - 5a833?
-5a835
In base 11, what is 500 + 20?
520
In base 3, what is -1002022 + -22?
-1002121
In base 6, what is 10341 + 25?
10410
In base 9, what is -30 - 57471?
-57511
In base 12, what is -2ba63 + 0?
-2ba63
In base 2, what is -1101110 + 1011101111011?
1011100001101
In base 9, what is 14414 + 6?
14421
In base 6, what is -1055353 - -41?
-1055312
In base 9, what is -7216 + -12?
-7228
In base 5, what is -10011133320 - -1?
-10011133314
In base 9, what is 2 + -15346?
-15344
In base 4, what is -2 + -2031101230?
-2031101232
In base 7, what is 510 + -45?
432
In base 5, what is -1030 + 1334?
304
In base 16, what is be - -132?
1f0
In base 9, what is 14 - -8014?
8028
In base 15, what is -7 + 106d3?
106cb
In base 2, what is -110001010011 + 1000100?
-110000001111
In base 6, what is -11210520 - 3?
-11210523
In base 6, what is 0 + -254222?
-254222
In base 16, what is 10 - 958?
-948
In base 6, what is -5245034 - 5?
-5245043
In base 9, what is -23511 + -75?
-23586
In base 15, what is 9 + -4a546?
-4a53c
In base 9, what is 3 - -15615?
15618
In base 8, what is 110122 - 1?
110121
In base 7, what is -3 + -11364515?
-11364521
In base 2, what is 1000110100010110 + 1?
1000110100010111
In base 13, what is -64 - 14188?
-1421c
In base 12, what is 280a - 20?
27aa
In base 9, what is 263103 - -4?
263107
In base 5, what is -2104210 - -4?
-2104201
In base 10, what is 11899 + -1?
11898
In base 4, what is 10 + -3120130?
-3120120
In base 6, what is -50 - -20124?
20034
In base 7, what is -1114 - -5615?
4501
In base 14, what is -1 - -845a?
8459
In base 7, what is -525 - -2102?
1244
In base 13, what is 2401 + -3?
23cb
In base 16, what is 5 - 3357?
-3352
In base 15, what is 1b - -64a9?
64c5
In base 4, what is 311100132 - -1?
311100133
In base 16, what is -b4 + -3dd0?
-3e84
In base 5, what is 230212 + -112?
230100
In base 15, what is 10 + -13d?
-12d
In base 10, what is 16 + 3599?
3615
In base 3, what is -2222 + 110011122?
110001200
In base 2, what is 11000001011 - -10100?
11000011111
In base 7, what is 6 + -663051?
-663042
In base 4, what is 1 - -10003120?
10003121
In base 7, what is -15424 - -1160?
-14234
In base 15, what is a - -2ae?
2b9
In base 7, what is -5 - 1526333?
-1526341
In base 4, what is 11 + -10121023?
-10121012
In base 16, what is -e2 - -2e52?
2d70
In base 9, what is -2727 + -7?
-2735
In base 14, what is -18090 + d?
-18081
In base 9, what is 742 - -604?
1446
In base 15, what is -864 + 58?
-80b
In base 11, what is 222 + -3654?
-3432
In base 10, what is 0 + -74709?
-74709
In base 6, what is -5 + 53553?
53544
In base 16, what is -37 + 10d07?
10cd0
In base 16, what is 3 + -18ee?
-18eb
In base 7, what is 0 - -20000?
20000
In base 4, what is 2020223100 - 3?
2020223031
In base 13, what is 7 + -39a045?
-39a03b
In base 4, what is 2120 + 10230?
13010
In base 9, what is -2258 - 22?
-2281
In base 6, what is 142 + 15314?
15500
In base 2, what is -11011 - 10000010110111?
-10000011010010
In base 3, what is -1010010 + 211?
-1002022
In base 12, what is -25 + 30212?
301a9
In base 13, what is -3b2b - 3?
-3b31
In base 9, what is -2705 + -132?
-2837
In base 15, what is -12 + 5ba?
5a8
In base 11, what is 0 - 2688?
-2688
In base 10, what is 1134 - -7?
1141
In base 9, what is 5 + -5275?
-